igit of 11945?
1
What is the hundreds digit of 179?
1
What is the hundreds digit of 447?
4
What is the hundreds digit of 1019?
0
What is the units digit of 131262?
2
What is the ten thousands digit of 93385?
9
What is the units digit of 4100?
0
What is the ten thousands digit of 35523?
3
What is the hundreds digit of 588?
5
What is the ten thousands digit of 148830?
4
What is the tens digit of 523?
2
What is the ten thousands digit of 95432?
9
What is the hundreds digit of 8979?
9
What is the units digit of 13389?
9
What is the tens digit of 5941?
4
What is the hundreds digit of 6849?
8
What is the tens digit of 98?
9
What is the hundreds digit of 1729?
7
What is the hundreds digit of 1513?
5
What is the ten thousands digit of 12546?
1
What is the tens digit of 5948?
4
What is the tens digit of 10704?
0
What is the units digit of 7096?
6
What is the hundreds digit of 4548?
5
What is the thousands digit of 50518?
0
What is the units digit of 103119?
9
What is the tens digit of 2366?
6
What is the hundreds digit of 99745?
7
What is the thousands digit of 3102?
3
What is the tens digit of 4871?
7
What is the hundreds digit of 16555?
5
What is the ten thousands digit of 35055?
3
What is the hundreds digit of 626?
6
What is the units digit of 176?
6
What is the hundreds digit of 594?
5
What is the units digit of 472?
2
What is the thousands digit of 6424?
6
What is the tens digit of 5240?
4
What is the tens digit of 5267?
6
What is the units digit of 1761?
1
What is the tens digit of 962?
6
What is the tens digit of 7916?
1
What is the thousands digit of 19723?
9
What is the ten thousands digit of 20014?
2
What is the tens digit of 3536?
3
What is the ten thousands digit of 139895?
3
What is the tens digit of 1045?
4
What is the tens digit of 12403?
0
What is the ten thousands digit of 91810?
9
What is the tens digit of 811?
1
What is the units digit of 7150?
0
What is the tens digit of 29518?
1
What is the tens digit of 168715?
1
What is the hundreds digit of 43454?
4
What is the tens digit of 77541?
4
What is the tens digit of 291?
9
What is the ten thousands digit of 21043?
2
What is the tens digit of 322?
2
What is the tens digit of 1356?
5
What is the hundreds digit of 29783?
7
What is the thousands digit of 3117?
3
What is the units digit of 8?
8
What is the hundreds digit of 1731?
7
What is the ten thousands digit of 49847?
4
What is the units digit of 3563?
3
What is the ten thousands digit of 73119?
7
What is the thousands digit of 13242?
3
What is the tens digit of 1007?
0
What is the hundreds digit of 2793?
7
What is the tens digit of 326?
2
What is the thousands digit of 5051?
5
What is the hundreds digit of 18060?
0
What is the tens digit of 12415?
1
What is the tens digit of 2129?
2
What is the tens digit of 43?
4
What is the tens digit of 869?
6
What is the units digit of 297?
7
What is the hundreds digit of 491?
4
What is the thousands digit of 1153?
1
What is the hundreds digit of 1030?
0
What is the hundreds digit of 1148?
1
What is the tens digit of 6423?
2
What is the hundreds digit of 8701?
7
What is the thousands digit of 10294?
0
What is the tens digit of 5476?
7
What is the units digit of 1765?
5
What is the units digit of 426?
6
What is the units digit of 2571?
1
What is the tens digit of 5248?
4
What is the ten thousands digit of 10818?
1
What is the tens digit of 33001?
0
What is the tens digit of 67936?
3
What is the thousands digit of 3509?
3
What is the thousands digit of 47370?
7
What is the thousands digit of 5134?
5
What is the thousands digit of 1232?
1
What is the units digit of 25531?
1
What is the tens digit of 7403?
0
What is the tens digit of 805?
0
What is the hundreds digit of 905?
9
What is the units digit of 13582?
2
What is the tens digit of 2717?
1
What is the hundreds digit of 106373?
3
What is the hundreds digit of 22761?
7
What is the units digit of 2308?
8
What is the units digit of 913?
3
What is the tens digit of 18099?
9
What is the ten thousands digit of 39470?
3
What is the hundreds digit of 6092?
0
What is the thousands digit of 1546?
1
What is the ten thousands digit of 117543?
1
What is the tens digit of 929?
2
What is the ten thousands digit of 30137?
3
What is the tens digit of 29084?
8
What is the hundreds digit of 2523?
5
What is the units digit of 772?
2
What is the units digit of 65682?
2
What is the units digit of 35090?
0
What is the hundreds digit of 1259?
2
What is the thousands digit of 3927?
3
What is the hundred thousands digit of 130054?
1
What is the hundreds digit of 27837?
8
What is the hundreds digit of 8645?
6
What is the hundreds digit of 1650?
6
What is the units digit of 660?
0
What is the thousands digit of 3123?
3
What is the hundreds digit of 25083?
0
What is the hundreds digit of 79571?
5
What is the tens digit of 9072?
7
What is the units digit of 3806?
6
What is the units digit of 6941?
1
What is the ten thousands digit of 16915?
1
What is the hundreds digit of 2652?
6
What is the tens digit of 18390?
9
What is the tens digit of 2439?
3
What is the units digit of 117?
7
What is the units digit of 1359?
9
What is the hundreds digit of 41476?
4
What is the units digit of 2381?
1
What is the hundreds digit of 50863?
8
What is the hundred thousands digit of 134355?
1
What is the tens digit of 8326?
2
What is the ten thousands digit of 25041?
2
What is the units digit of 1663?
3
What is the thousands digit of 13772?
3
What is the hundreds digit of 75500?
5
What is the units digit of 3482?
2
What is the units digit of 17645?
5
What is the thousands digit of 4558?
4
What is the thousands digit of 8518?
8
What is the units digit of 1280?
0
What is the thousands digit of 2123?
2
What is the hundreds digit of 40703?
7
What is the ten thousands digit of 16596?
1
What is the thousands digit of 1081?
1
What is the tens digit of 55096?
9
What is the hundreds digit of 338?
3
What is the units digit of 348?
8
What is the tens digit of 173?
7
What is the units digit of 4835?
5
What is the hundreds digit of 6808?
8
What is the thousands digit of 1469?
1
What is the hundreds digit of 10256?
2
What is the tens digit of 182044?
4
What is the hundreds digit of 919?
9
What is the units digit of 926?
6
What is the units digit of 849?
9
What is the tens digit of 7459?
5
What is the tens digit of 404?
0
What is the hundreds digit of 128928?
9
What is the units digit of 642?
2
What is the hundreds digit of 2016?
0
What is the tens digit of 21305?
0
What is the units digit of 635?
5
What is the thousands digit of 1120?
1
What is the tens digit of 818?
1
What is the units digit of 2505?
5
What is the ten thousands digit of 15994?
1
What is the units digit of 745?
5
What is the units digit of 64871?
1
What is the hundred thousands digit of 117781?
1
What is the hundreds digit of 21664?
6
What is the hundreds digit of 28897?
8
What is the hundreds digit of 8786?
7
What is the ten thousands digit of 24640?
2
What is the hundreds digit of 6182?
1
What is the ten thousands digit of 46604?
4
What is the units digit of 1386?
6
What is the thousands digit of 22109?
2
What is the thousands digit of 4732?
4
What is the hundreds digit of 886?
8
What is the ten thousands digit of 47054?
4
What is the thousands digit of 1899?
1
What is the thousands digit of 7320?
7
What is the tens digit of 1766?
6
What is the units digit of 486?
6
What is the units digit of 2153?
3
What is the thousands digit of 1246?
1
What is the tens digit of 792?
9
What is the tens digit of 469?
6
What is the units digit of 377?
7
What is the tens digit of 10933?
3
What is the units digit of 65173?
3
What is the tens digit of 180?
8
What is the thousands digit of 1663?
1
What is the tens digit of 983?
8
What is the units digit of 3495?
5
What is the hundreds digit of 3647?
6
What is the units digit of 7928?
8
What is the tens digit of 212?
1
What is the thousands digit of 46597?
6
What is the hundreds digit of 3519?
5
What is the hundreds digit of 6689?
6
What is the thousands digit of 1777?
1
What is the tens digit of 2337?
3
What is the tens digit of 22821?
2
What is the tens digit of 2449?
4
What is the units digit of 36879?
9
What is the units digit of 7707?
7
What is the hundreds digit of 1273?
2
What is the thousands digit